 = -j*l. What is the units digit of 6/(-4)*l/(-18)?
1
What is the units digit of (-1635954)/(-50) - (33 + (-15637)/475)?
9
Let y = 23979 - 16056. What is the tens digit of y?
2
Let s = 27 - 25. Let v be (1 - 3)*(s - 15/10). What is the units digit of 17 - (v + 9/3)?
5
Suppose 3*z - 5*q - 72780 = 0, z + 21*q = 22*q + 24262. What is the hundreds digit of z?
2
Let q(k) = k**2 + 12*k + 15. Let z be 111/(-3) + (-6)/((-2)/1). What is the hundreds digit of q(z)?
7
Let j = -1918 - -354. Let w = 3093 + j. What is the hundreds digit of w?
5
Let s(t) = 7*t**2 + 13*t + 20. Let x be s(-9). Suppose 20*k - 250 = x. What is the tens digit of k?
3
Suppose -2*t - 4*j = -3*t + 91, -t + 89 = -2*j. Let m = 403 - 213. Let s = m - t. What is the hundreds digit of s?
1
Let f = 7362 + -4976. Suppose -h + f = 2153. What is the hundreds digit of h?
2
Let v = -131 - -131. Suppose -2429 = -5*n - 304. Suppose 0 = 3*x, 5*g + 3*x = -v*x + n. What is the units digit of g?
5
Let g be ((-42)/(-4))/7 + 3/2. Let u be (g - (-2 - -4))*(1 - -2). Suppose -m - u*m = -152. What is the tens digit of m?
3
Let m(j) = -j**3 + 15*j**2 + 3*j - 17. Let k(y) = -2*y**3 + 3*y**2 - 3*y + 3. Let s be k(2). Let w(o) = -o + 8. Let f be w(s). What is the tens digit of m(f)?
2
Suppose -23*w + 347496 = -21*w + 22*w. What is the thousands digit of w?
4
Suppose 0 = 87*u - 96*u + 6622 + 12332. What is the hundreds digit of u?
1
Suppose -1430 - 418 = -6*x. Let n = x - -1. What is the tens digit of n?
0
Let v(n) = 12*n**2 + 29*n - 40. What is the tens digit of v(7)?
5
Let o = 138 + -139. Let n be -16 + 17 + 1 + (0 - o). Suppose -5*f - n*f = -672. What is the units digit of f?
4
Suppose -6*u - 39 = 507. Let z = 233 - u. Suppose 2*k - z + 74 = 0. What is the tens digit of k?
2
Let v(g) = 11*g - 2. Let j be v(7). Suppose 0*m + m = 5*c - j, 61 = 4*c - m. What is the units digit of 1*4 + (c - -84)?
2
What is the tens digit of 5/((-325)/(-1747715)) + (-11)/(-143)?
8
Suppose -11*r - 22*r + 41613 = 0. Suppose 0 = s - 1, -3*s + r + 333 = g. What is the hundreds digit of g?
5
Suppose 53*o = -25*o + 53*o + 1513250. What is the thousands digit of o?
0
What is the hundreds digit of (-155 - -161)/((-14539)/(-7268) - 2)?
5
Suppose 11*s = 15*s + 5*p - 12734, -3*s = -4*p - 9566. What is the units digit of s?
6
Suppose -3*o = 2*d - d - 17, 4*d - 4*o = -12. Suppose -d*b - 250 = -3*b. What is the hundreds digit of (7 - (-2 + 6)) + b/2?
1
Suppose -2*y - 9049 = 2*m - 49857, 2*m - 102038 = -5*y. What is the units digit of y?
0
Suppose 0*v + 4*v - 8 = 0, 5*v + 5 = 5*m. Suppose -4*u + 2*r + 1828 - 118 = 0, m*r = -4*u + 1735. What is the tens digit of u?
3
Let m be (1 - 0)*196*210/56. Suppose 1291 + m = 2*q. What is the tens digit of q?
1
Suppose 0 = 8*m - r - 15649 - 19852, -4*m + 17764 = 4*r. What is the tens digit of m?
3
Suppose -o = -2, -3*n + 1160 = -0*n + 4*o. Let z = 626 - n. Let y = z - 101. What is the hundreds digit of y?
1
Suppose 3*j = -3*j - 2*j. Suppose -6*p = -2*p - j*p. Suppose -m - 5 = p, -3*m + 0*m = -5*s + 420. What is the tens digit of s?
8
Let w = 25369 + -16666. What is the units digit of w?
3
Let a = -109 - -73. Let y = 81 - a. Suppose 4*j - y - 215 = 0. What is the tens digit of j?
8
Let g = -12272 + 17595. What is the hundreds digit of g?
3
Let b = -745 + 377. Let y be (-18)/(-1) + 0/2. What is the tens digit of b/6*y/(-8)?
3
Let h = 12939 + -6501. What is the thousands digit of h?
6
Let d(q) = 3*q - 5*q - 26 - 5*q. Let l be d(-6). Suppose -3*r + 2 = -l. What is the units digit of r?
6
Let h = -13 + 17. Suppose 3*b = w - 0*b - 17, 47 = h*w - 5*b. Let o = w + 17. What is the tens digit of o?
2
Let x(s) = s**3 + 23*s - 5 + 27*s - 57*s + 7*s**2. Suppose l - 4*o = -8, o - 3 = -2*l - 10. What is the tens digit of x(l)?
7
Let y = -126 - -160. Suppose -37*d + 1470 = -y*d. What is the hundreds digit of d?
4
What is the units digit of 3 + ((-2)/(52/(-12389)))/(2/52)?
2
Let k(l) = 1045*l + 40. Let i be k(4). Suppose 6*j + i = 16*j. What is the units digit of j?
2
Let z = -10 - -6. Let o(c) = -16*c - 11. Let t(w) = 48*w + 34. Let m(l) = 7*o(l) + 2*t(l). What is the tens digit of m(z)?
5
Suppose 2*j + 2*p = -p + 26, -4*j + p + 24 = 0. Let y(z) = -z**3 + 14*z**2 + 11*z - 49. What is the tens digit of y(j)?
7
Let s = -7854 - -11642. What is the units digit of s?
8
Suppose -11 + 21 = 2*r. Suppose 2*h + 121 = 3*x - 1095, 2*x = -r*h + 779. What is the hundreds digit of x?
4
Let i be ((-24)/(-15))/4*5. Suppose -5*c + 902 = -3*j, -285 = -5*c - i*j + 622. What is the tens digit of c?
8
Let w = 2167 - 417. Suppose 75*o + w = 82*o. What is the units digit of o?
0
Let b(c) = c**2 - 9*c + 9. Let q be b(8). Let g(l) = 7*l**2 - 1. Let u be g(q). What is the tens digit of 77 - u/3*1?
7
Let o be 1 - 6/((-18)/15). Let b = o + -4. Suppose 5*j = -2*z + 245, j + z = -b*z + 62. What is the units digit of j?
7
Let l(i) = 2*i + 14. Let h be l(9). Suppose -68 + 26 = 7*n. What is the units digit of 333/n*h/(-12)?
8
Suppose 18*l - 598 = 2606. Suppose 10*m - 16008 = -l. What is the hundreds digit of m?
5
What is the units digit of 4919 + (-15 + 8)*1 - 3?
9
Suppose -5*w + 47595 = 5*p - 18575, 39750 = 3*w - 5*p. What is the hundreds digit of w?
2
What is the thousands digit of -168579*(2288/144 - 16)?
8
Let z(u) = -11156*u + 108. What is the tens digit of z(-2)?
2
Suppose -2777*a + 2785*a = 24520. What is the thousands digit of a?
3
Let o be 20/90 + ((-3956)/(-18) - 0). What is the hundreds digit of (0 - (-8)/16)*o?
1
Suppose 0 = -3*m - 3*l + 61536, 0 = -3*m - 4*l + 30504 + 31031. Suppose -m - 39371 = -44*t. What is the hundreds digit of t?
3
Let b(f) = 1178*f - 644. What is the units digit of b(13)?
0
Suppose 0 = a - 3, 45 = w - 8*a + 6*a. Suppose 0 = -3*n - 4 - 2, 0 = h - 5*n - 75. Let b = h - w. What is the units digit of b?
4
Let t = 60 - -4. Suppose 0 = -3*j - 4*f - 8 + t, 0 = 5*j + 5*f - 90. What is the tens digit of 276/j - 1/4?
1
Let z = 87 - 40. Let c = z + -53. What is the units digit of (c/2)/((-15)/710)?
2
Let c(b) = -8*b + 2. Let q be (-4 - -3)*(-15 - 2). Let j(t) = -t**2 + 18*t - 25. Let r be j(q). What is the tens digit of c(r)?
6
Suppose -3*n + 3679 = i, -4*n = 3*i - 6*n - 11048. Suppose 3683 = 5*d + 9*y - 11*y, -5*d = -3*y - i. What is the hundreds digit of d?
7
Let l(s) = 9*s**2 + 4*s + 1. Let j be l(-3). Suppose 2*x + 7*b = 12*b - 8, 2*b = 5*x + 41. Let z = j + x. What is the tens digit of z?
6
Suppose 167*i - 10521923 = -1220023. What is the ten thousands digit of i?
5
Let p be -2 - 7/(35/100). Let l be 138/(-33) - 4/p. What is the tens digit of 4 + 111 + l + -2?
0
Let t(o) = 3*o + 46. Let c be t(-15). Suppose 5*v - a + 6*a = 5, 4*a = -3*v - c. Suppose l + v = 0, l = i - 38 - 48. What is the tens digit of i?
8
Suppose -4*c = 5*h - 11488, 4*h + 236*c = 233*c + 9191. What is the hundreds digit of h?
3
Let q = -3371 - -10418. What is the thousands digit of q?
7
Suppose -14 = d - 1. Let l(x) = x + 18. Let i be l(d). Suppose i*a + 67 = 277. What is the tens digit of a?
4
Suppose -16*i = -24*i. Suppose 154*j - 156*j + 398 = i. What is the units digit of j?
9
Let r be ((-400)/(-15))/(3/612). Suppose -25*y + r = -2235. What is the units digit of y?
7
Let u = -82687 - -123964. What is the thousands digit of u?
1
Let b = 6111 + -3225. Suppose 5*z = -34*z + b. What is the units digit of z?
4
Let z be (-2)/6*(-84 + 6). Let r = -23 + z. Suppose y = c - 171, r*c + y = c + 357. What is the units digit of c?
6
Let x be -3*(3 - 2) - -2103. Suppose -8*l = -l - x. Suppose 4*i - l = -2*o, -2*i = -i + 2. What is the units digit of o?
4
Let g(l) = -39*l**2 + 2*l + 42*l**2 - 2*l - 5*l - 7. Let b be g(-2). Suppose -b*c + 730 = -10*c. What is the units digit of c?
6
Suppose 0 = 315*u - 313*u - 4, -q + 4*u = -9287. What is the tens digit of q?
9
Let n(v) = 3*v**2 + 2*v - 6. Let x be ((-8)/20)/((-3)/30). Suppose -x*p - 8 = 12. What is the tens digit of n(p)?
5
Let g = 979 + -659. What is the units digit of (-16)/(g/(-13628)) + (-3)/(-5)?
2
Let z(w) = 9*w**2 + 43*w + 34. Let u(t) = 12*t**2 + 43*t + 34. Let g(a) = -4*u(a) + 5*z(a). What is the units digit of g(14)?
8
Suppose -4*p + 1136 = -1529*m + 1532*m, 2*m - 3*p = 729. Let b = 227 - 421. Let f = m + b. What is the hundreds digit of f?
1
Let n(u) = 2*u**2 - 22*u + 14. Let b(x) = 3*x - 3. Let h be b